{"id":173,"date":"2023-05-31T08:36:07","date_gmt":"2023-05-31T08:36:07","guid":{"rendered":"https:\/\/graficash.es\/?page_id=173"},"modified":"2025-01-20T00:22:44","modified_gmt":"2025-01-20T00:22:44","slug":"camisetas-para-penas","status":"publish","type":"page","link":"https:\/\/graficash.es\/index.php\/camisetas-personalizadas\/camisetas-para-penas\/","title":{"rendered":"Uniformes y camisetas para pe\u00f1as"},"content":{"rendered":"\n<p class=\"has-drop-cap\">En nuestra empresa llevamos m\u00e1s de 15 a\u00f1os dedicados a la impresi\u00f3n textil. Especializados en <strong>uniformes y camisetas para pe\u00f1as<\/strong>, podemos plasmar cualquier dise\u00f1o que nos solicites en tiempo y coste reducidos.<\/p>\n\n\n\n<p>Contamos con un amplio cat\u00e1logo textil, y empleamos diversas t\u00e9cnicas de impresi\u00f3n para acomodarnos al tipo de trabajo que necesites.<\/p>\n\n\n\n<div class=\"wp-block-buttons is-content-justification-center is-layout-flex wp-container-core-buttons-is-layout-16018d1d wp-block-buttons-is-layout-flex\" id=\"DISENOS\">\n<div class=\"wp-block-button\"><a class=\"wp-block-button__link wp-element-button\" href=\"https:\/\/drive.google.com\/file\/d\/1pfS4j6Px_CpPVOCAd44BUfKUjX_f2pvo\/view?usp=sharing\">DISE\u00d1OS 1<\/a><\/div>\n\n\n\n<div class=\"wp-block-button\"><a class=\"wp-block-button__link wp-element-button\" href=\"https:\/\/drive.google.com\/file\/d\/1SwOWB5an7tq9QQAWdP0LkQ18JtWfvi3r\/view?usp=sharing\">MAS DISE\u00d1OS&#8230;<\/a><\/div>\n\n\n\n<div class=\"wp-block-button\"><a class=\"wp-block-button__link has-text-align-center wp-element-button\">OTROS..<\/a><\/div>\n<\/div>\n\n\n\n<h2 class=\"wp-block-heading\">Cuanto cuestan los conjuntos para pe\u00f1as<\/h2>\n\n\n\n<div class=\"wp-block-essential-blocks-button  root-eb-button-qh0dgx7\"><div class=\"eb-parent-wrapper eb-parent-eb-button-qh0dgx7 \"><div class=\"eb-button-wrapper eb-button-alignment eb-button-qh0dgx7\"><div class=\"eb-button\"><div class=\"eb-button-inner-wrapper \"><a class=\"eb-button-anchor \" href=\"https:\/\/graficash.es\/index.php\/contacto\/#contacto\" rel=\"noopener\">ENCARGA AQU\u00cd TUS CAMISETAS!<\/a><\/div><\/div><\/div><\/div><\/div>\n\n\n\n<p>El precio de las conjuntos para pe\u00f1as puede variar en funci\u00f3n de diversos factores. Cantidad de camisetas, tama\u00f1o y <a href=\"https:\/\/graficash.es\/index.php\/camisetas-para-penas\/#colores\">colores<\/a> del dise\u00f1o.<\/p>\n\n\n\n<p>En definitiva, podr\u00edamos decir que el precio medio de una camiseta con su impresi\u00f3n estar\u00eda en un arco de entre 8\u20ac y 15\u20ac.<\/p>\n\n\n\n<h2 class=\"wp-block-heading\">Imprimir camisetas y uniformes para pe\u00f1as<\/h2>\n\n\n<div class=\"wp-block-image\">\n<figure class=\"alignright size-full is-resized\"><img fetchpriority=\"high\" decoding=\"async\" width=\"300\" height=\"425\" src=\"https:\/\/graficash.es\/wp-content\/uploads\/2023\/06\/toropena.png\" alt=\"camisetas para pe\u00f1as\" class=\"wp-image-214\" style=\"width:296px;height:419px\" srcset=\"https:\/\/graficash.es\/wp-content\/uploads\/2023\/06\/toropena.png 300w, https:\/\/graficash.es\/wp-content\/uploads\/2023\/06\/toropena-212x300.png 212w\" sizes=\"(max-width: 300px) 100vw, 300px\" \/><\/figure>\n<\/div>\n\n\n<p>Podemos imprimir tus camisetas con el dise\u00f1o que m\u00e1s te guste. Pueden ser dise\u00f1os sencillos a un solo color o incluso dise\u00f1os a todo color incluyendo dibujos, ilustraciones o fotograf\u00edas. Si no lo tienes claro dinos tu idea para que nosotros te preparemos uno.<\/p>\n\n\n\n<h2 class=\"wp-block-heading\">Conjuntos para pe\u00f1as<\/h2>\n\n\n\n<p>Adem\u00e1s de las camisetas para pe\u00f1as contamos con muchos otros productos para configurar tu vestuario para las pr\u00f3ximas fiestas patronales de tu municipio. <\/p>\n\n\n\n<ul class=\"wp-block-list\">\n<li>Polos<\/li>\n\n\n\n<li>Sudaderas<\/li>\n\n\n\n<li>Sudaderas con capucha<\/li>\n\n\n\n<li>Pantalon<\/li>\n\n\n\n<li>Petos<\/li>\n\n\n\n<li>Blusones<\/li>\n\n\n\n<li>Fajines<\/li>\n\n\n\n<li>Pa\u00f1uelos<\/li>\n<\/ul>\n\n\n<div class=\"wp-block-image\">\n<figure class=\"alignright size-full is-resized\"><img decoding=\"async\" width=\"504\" height=\"606\" src=\"https:\/\/graficash.es\/wp-content\/uploads\/2023\/06\/POLOS.png\" alt=\"POLOS PE\u00d1A\" class=\"wp-image-279\" style=\"width:200px;height:240px\" srcset=\"https:\/\/graficash.es\/wp-content\/uploads\/2023\/06\/POLOS.png 504w, https:\/\/graficash.es\/wp-content\/uploads\/2023\/06\/POLOS-250x300.png 250w\" sizes=\"(max-width: 504px) 100vw, 504px\" \/><\/figure>\n<\/div>\n\n\n<h2 class=\"wp-block-heading\">Petos para pe\u00f1as<\/h2>\n\n\n\n<p>El peto es una prenda muy apreciada entre los pe\u00f1istas. Distingue tu agrupaci\u00f3n combinando colores entre camiseta y peto. Hay multitud de colores y tallas para acomodarnos a los colores que hay\u00e1is elegido para vuestro grupo.<\/p>\n\n\n\n<div class=\"wp-block-media-text alignwide is-stacked-on-mobile\" id=\"colores\"><figure class=\"wp-block-media-text__media\"><img decoding=\"async\" width=\"595\" height=\"464\" src=\"https:\/\/graficash.es\/wp-content\/uploads\/2023\/05\/PETOS.png\" alt=\"PETOS PARA PE\u00d1AS\" class=\"wp-image-175 size-full\" srcset=\"https:\/\/graficash.es\/wp-content\/uploads\/2023\/05\/PETOS.png 595w, https:\/\/graficash.es\/wp-content\/uploads\/2023\/05\/PETOS-300x234.png 300w\" sizes=\"(max-width: 595px) 100vw, 595px\" \/><\/figure><div class=\"wp-block-media-text__content\">\n<p>Tenemos gran variedad en tallas y colores para todas nuestras prendas, para que puedas configurar el uniforme de tu pe\u00f1a totalmente a tu gusto.<\/p>\n\n\n\n<p>Podemos hacer confecci\u00f3n personalizada de petos en combinaci\u00f3n de colores a partir de 60 unidades. S\u00f3lo tienes que decirnos de qu\u00e9 colores y de que forma los quieres combinar.<\/p>\n<\/div><\/div>\n\n\n\n<h3 class=\"wp-block-heading\">Personaliza las prendas para tu pe\u00f1a<\/h3>\n\n\n\n<p>Adem\u00e1s de incluir el dise\u00f1o en tus conjuntos, podemos tambi\u00e9n incluir tu nombre, apodo o un numero as\u00ed como las camisetas deportivas. Podemos realizar marcaje en mangas u otros lugares que elijas para que queden a tu gusto.<\/p>\n\n\n\n<p>Estaremos encantados de ayudarte con el dise\u00f1o si es que no lo tienes a\u00fan decidido.<\/p>\n\n\n\n<p>Contamos con banco de im\u00e1genes y podemos dise\u00f1ar a medida la impresi\u00f3n de tus prendas.<\/p>\n\n\n\n<div class=\"wp-block-buttons is-layout-flex wp-block-buttons-is-layout-flex\">\n<div class=\"wp-block-button\"><a class=\"wp-block-button__link wp-element-button\" href=\"https:\/\/sellosdecaucho24h.es\">necesitas un sello de caucho??<\/a><\/div>\n<\/div>\n","protected":false},"excerpt":{"rendered":"<p>En nuestra empresa llevamos m\u00e1s de 15 a\u00f1os dedicados a la impresi\u00f3n textil. Especializados en uniformes y camisetas para pe\u00f1as, podemos plasmar cualquier dise\u00f1o que nos solicites en tiempo y coste reducidos. Contamos con un amplio cat\u00e1logo textil, y empleamos diversas t\u00e9cnicas de impresi\u00f3n para acomodarnos al tipo de trabajo que necesites. Cuanto cuestan los [&hellip;]<\/p>\n","protected":false},"author":1,"featured_media":212,"parent":202,"menu_order":0,"comment_status":"closed","ping_status":"closed","template":"","meta":{"_eb_attr":"","footnotes":""},"class_list":["post-173","page","type-page","status-publish","has-post-thumbnail","hentry"],"yoast_head":"<!-- This site is optimized with the Yoast SEO plugin v24.3 - https:\/\/yoast.com\/wordpress\/plugins\/seo\/ -->\n<title>Uniformes y camisetas para pe\u00f1as - Graficash<\/title>\n<meta name=\"description\" content=\"Camisetas para pe\u00f1as, polos, petos, sudaderas y todo lo que necesites. Realizamos impresion en DTF, vinilo, serigrafia o bordado seg\u00fan pedido\" \/>\n<meta name=\"robots\" content=\"index, follow, max-snippet:-1, max-image-preview:large, max-video-preview:-1\" \/>\n<link rel=\"canonical\" href=\"https:\/\/graficash.es\/index.php\/camisetas-personalizadas\/camisetas-para-penas\/\" \/>\n<meta property=\"og:locale\" content=\"es_ES\" \/>\n<meta property=\"og:type\" content=\"article\" \/>\n<meta property=\"og:title\" content=\"Uniformes y camisetas para pe\u00f1as - Graficash\" \/>\n<meta property=\"og:description\" content=\"Camisetas para pe\u00f1as, polos, petos, sudaderas y todo lo que necesites. Realizamos impresion en DTF, vinilo, serigrafia o bordado seg\u00fan pedido\" \/>\n<meta property=\"og:url\" content=\"https:\/\/graficash.es\/index.php\/camisetas-personalizadas\/camisetas-para-penas\/\" \/>\n<meta property=\"og:site_name\" content=\"Graficash\" \/>\n<meta property=\"article:publisher\" content=\"https:\/\/www.facebook.com\/groups\/5025826854186537\/\" \/>\n<meta property=\"article:modified_time\" content=\"2025-01-20T00:22:44+00:00\" \/>\n<meta property=\"og:image\" content=\"https:\/\/graficash.es\/wp-content\/uploads\/2023\/06\/toro-ciudad.png\" \/>\n\t<meta property=\"og:image:width\" content=\"300\" \/>\n\t<meta property=\"og:image:height\" content=\"215\" \/>\n\t<meta property=\"og:image:type\" content=\"image\/png\" \/>\n<meta name=\"twitter:card\" content=\"summary_large_image\" \/>\n<meta name=\"twitter:label1\" content=\"Tiempo de lectura\" \/>\n\t<meta name=\"twitter:data1\" content=\"3 minutos\" \/>\n<script type=\"application\/ld+json\" class=\"yoast-schema-graph\">{\"@context\":\"https:\/\/schema.org\",\"@graph\":[{\"@type\":\"WebPage\",\"@id\":\"https:\/\/graficash.es\/index.php\/camisetas-personalizadas\/camisetas-para-penas\/\",\"url\":\"https:\/\/graficash.es\/index.php\/camisetas-personalizadas\/camisetas-para-penas\/\",\"name\":\"Uniformes y camisetas para pe\u00f1as - Graficash\",\"isPartOf\":{\"@id\":\"https:\/\/graficash.es\/#website\"},\"primaryImageOfPage\":{\"@id\":\"https:\/\/graficash.es\/index.php\/camisetas-personalizadas\/camisetas-para-penas\/#primaryimage\"},\"image\":{\"@id\":\"https:\/\/graficash.es\/index.php\/camisetas-personalizadas\/camisetas-para-penas\/#primaryimage\"},\"thumbnailUrl\":\"https:\/\/graficash.es\/wp-content\/uploads\/2023\/06\/toro-ciudad.png\",\"datePublished\":\"2023-05-31T08:36:07+00:00\",\"dateModified\":\"2025-01-20T00:22:44+00:00\",\"description\":\"Camisetas para pe\u00f1as, polos, petos, sudaderas y todo lo que necesites. Realizamos impresion en DTF, vinilo, serigrafia o bordado seg\u00fan pedido\",\"breadcrumb\":{\"@id\":\"https:\/\/graficash.es\/index.php\/camisetas-personalizadas\/camisetas-para-penas\/#breadcrumb\"},\"inLanguage\":\"es\",\"potentialAction\":[{\"@type\":\"ReadAction\",\"target\":[\"https:\/\/graficash.es\/index.php\/camisetas-personalizadas\/camisetas-para-penas\/\"]}]},{\"@type\":\"ImageObject\",\"inLanguage\":\"es\",\"@id\":\"https:\/\/graficash.es\/index.php\/camisetas-personalizadas\/camisetas-para-penas\/#primaryimage\",\"url\":\"https:\/\/graficash.es\/wp-content\/uploads\/2023\/06\/toro-ciudad.png\",\"contentUrl\":\"https:\/\/graficash.es\/wp-content\/uploads\/2023\/06\/toro-ciudad.png\",\"width\":300,\"height\":215,\"caption\":\"camisetas para pe\u00f1as\"},{\"@type\":\"BreadcrumbList\",\"@id\":\"https:\/\/graficash.es\/index.php\/camisetas-personalizadas\/camisetas-para-penas\/#breadcrumb\",\"itemListElement\":[{\"@type\":\"ListItem\",\"position\":1,\"name\":\"Portada\",\"item\":\"https:\/\/graficash.es\/\"},{\"@type\":\"ListItem\",\"position\":2,\"name\":\"Camisetas personalizadas\",\"item\":\"https:\/\/graficash.es\/index.php\/camisetas-personalizadas\/\"},{\"@type\":\"ListItem\",\"position\":3,\"name\":\"Uniformes y camisetas para pe\u00f1as\"}]},{\"@type\":\"WebSite\",\"@id\":\"https:\/\/graficash.es\/#website\",\"url\":\"https:\/\/graficash.es\/\",\"name\":\"Graficash\",\"description\":\"Rotulaci&oacute;n en Madrid\",\"publisher\":{\"@id\":\"https:\/\/graficash.es\/#organization\"},\"potentialAction\":[{\"@type\":\"SearchAction\",\"target\":{\"@type\":\"EntryPoint\",\"urlTemplate\":\"https:\/\/graficash.es\/?s={search_term_string}\"},\"query-input\":{\"@type\":\"PropertyValueSpecification\",\"valueRequired\":true,\"valueName\":\"search_term_string\"}}],\"inLanguage\":\"es\"},{\"@type\":\"Organization\",\"@id\":\"https:\/\/graficash.es\/#organization\",\"name\":\"Graficash Rotulaci\u00f3n\",\"url\":\"https:\/\/graficash.es\/\",\"logo\":{\"@type\":\"ImageObject\",\"inLanguage\":\"es\",\"@id\":\"https:\/\/graficash.es\/#\/schema\/logo\/image\/\",\"url\":\"https:\/\/graficash.es\/wp-content\/uploads\/2023\/06\/cropped-GRAFICASH-2.png\",\"contentUrl\":\"https:\/\/graficash.es\/wp-content\/uploads\/2023\/06\/cropped-GRAFICASH-2.png\",\"width\":155,\"height\":155,\"caption\":\"Graficash Rotulaci\u00f3n\"},\"image\":{\"@id\":\"https:\/\/graficash.es\/#\/schema\/logo\/image\/\"},\"sameAs\":[\"https:\/\/www.facebook.com\/groups\/5025826854186537\/\"]}]}<\/script>\n<!-- \/ Yoast SEO plugin. -->","yoast_head_json":{"title":"Uniformes y camisetas para pe\u00f1as - Graficash","description":"Camisetas para pe\u00f1as, polos, petos, sudaderas y todo lo que necesites. Realizamos impresion en DTF, vinilo, serigrafia o bordado seg\u00fan pedido","robots":{"index":"index","follow":"follow","max-snippet":"max-snippet:-1","max-image-preview":"max-image-preview:large","max-video-preview":"max-video-preview:-1"},"canonical":"https:\/\/graficash.es\/index.php\/camisetas-personalizadas\/camisetas-para-penas\/","og_locale":"es_ES","og_type":"article","og_title":"Uniformes y camisetas para pe\u00f1as - Graficash","og_description":"Camisetas para pe\u00f1as, polos, petos, sudaderas y todo lo que necesites. Realizamos impresion en DTF, vinilo, serigrafia o bordado seg\u00fan pedido","og_url":"https:\/\/graficash.es\/index.php\/camisetas-personalizadas\/camisetas-para-penas\/","og_site_name":"Graficash","article_publisher":"https:\/\/www.facebook.com\/groups\/5025826854186537\/","article_modified_time":"2025-01-20T00:22:44+00:00","og_image":[{"width":300,"height":215,"url":"https:\/\/graficash.es\/wp-content\/uploads\/2023\/06\/toro-ciudad.png","type":"image\/png"}],"twitter_card":"summary_large_image","twitter_misc":{"Tiempo de lectura":"3 minutos"},"schema":{"@context":"https:\/\/schema.org","@graph":[{"@type":"WebPage","@id":"https:\/\/graficash.es\/index.php\/camisetas-personalizadas\/camisetas-para-penas\/","url":"https:\/\/graficash.es\/index.php\/camisetas-personalizadas\/camisetas-para-penas\/","name":"Uniformes y camisetas para pe\u00f1as - Graficash","isPartOf":{"@id":"https:\/\/graficash.es\/#website"},"primaryImageOfPage":{"@id":"https:\/\/graficash.es\/index.php\/camisetas-personalizadas\/camisetas-para-penas\/#primaryimage"},"image":{"@id":"https:\/\/graficash.es\/index.php\/camisetas-personalizadas\/camisetas-para-penas\/#primaryimage"},"thumbnailUrl":"https:\/\/graficash.es\/wp-content\/uploads\/2023\/06\/toro-ciudad.png","datePublished":"2023-05-31T08:36:07+00:00","dateModified":"2025-01-20T00:22:44+00:00","description":"Camisetas para pe\u00f1as, polos, petos, sudaderas y todo lo que necesites. Realizamos impresion en DTF, vinilo, serigrafia o bordado seg\u00fan pedido","breadcrumb":{"@id":"https:\/\/graficash.es\/index.php\/camisetas-personalizadas\/camisetas-para-penas\/#breadcrumb"},"inLanguage":"es","potentialAction":[{"@type":"ReadAction","target":["https:\/\/graficash.es\/index.php\/camisetas-personalizadas\/camisetas-para-penas\/"]}]},{"@type":"ImageObject","inLanguage":"es","@id":"https:\/\/graficash.es\/index.php\/camisetas-personalizadas\/camisetas-para-penas\/#primaryimage","url":"https:\/\/graficash.es\/wp-content\/uploads\/2023\/06\/toro-ciudad.png","contentUrl":"https:\/\/graficash.es\/wp-content\/uploads\/2023\/06\/toro-ciudad.png","width":300,"height":215,"caption":"camisetas para pe\u00f1as"},{"@type":"BreadcrumbList","@id":"https:\/\/graficash.es\/index.php\/camisetas-personalizadas\/camisetas-para-penas\/#breadcrumb","itemListElement":[{"@type":"ListItem","position":1,"name":"Portada","item":"https:\/\/graficash.es\/"},{"@type":"ListItem","position":2,"name":"Camisetas personalizadas","item":"https:\/\/graficash.es\/index.php\/camisetas-personalizadas\/"},{"@type":"ListItem","position":3,"name":"Uniformes y camisetas para pe\u00f1as"}]},{"@type":"WebSite","@id":"https:\/\/graficash.es\/#website","url":"https:\/\/graficash.es\/","name":"Graficash","description":"Rotulaci&oacute;n en Madrid","publisher":{"@id":"https:\/\/graficash.es\/#organization"},"potentialAction":[{"@type":"SearchAction","target":{"@type":"EntryPoint","urlTemplate":"https:\/\/graficash.es\/?s={search_term_string}"},"query-input":{"@type":"PropertyValueSpecification","valueRequired":true,"valueName":"search_term_string"}}],"inLanguage":"es"},{"@type":"Organization","@id":"https:\/\/graficash.es\/#organization","name":"Graficash Rotulaci\u00f3n","url":"https:\/\/graficash.es\/","logo":{"@type":"ImageObject","inLanguage":"es","@id":"https:\/\/graficash.es\/#\/schema\/logo\/image\/","url":"https:\/\/graficash.es\/wp-content\/uploads\/2023\/06\/cropped-GRAFICASH-2.png","contentUrl":"https:\/\/graficash.es\/wp-content\/uploads\/2023\/06\/cropped-GRAFICASH-2.png","width":155,"height":155,"caption":"Graficash Rotulaci\u00f3n"},"image":{"@id":"https:\/\/graficash.es\/#\/schema\/logo\/image\/"},"sameAs":["https:\/\/www.facebook.com\/groups\/5025826854186537\/"]}]}},"_links":{"self":[{"href":"https:\/\/graficash.es\/index.php\/wp-json\/wp\/v2\/pages\/173","targetHints":{"allow":["GET"]}}],"collection":[{"href":"https:\/\/graficash.es\/index.php\/wp-json\/wp\/v2\/pages"}],"about":[{"href":"https:\/\/graficash.es\/index.php\/wp-json\/wp\/v2\/types\/page"}],"author":[{"embeddable":true,"href":"https:\/\/graficash.es\/index.php\/wp-json\/wp\/v2\/users\/1"}],"replies":[{"embeddable":true,"href":"https:\/\/graficash.es\/index.php\/wp-json\/wp\/v2\/comments?post=173"}],"version-history":[{"count":0,"href":"https:\/\/graficash.es\/index.php\/wp-json\/wp\/v2\/pages\/173\/revisions"}],"up":[{"embeddable":true,"href":"https:\/\/graficash.es\/index.php\/wp-json\/wp\/v2\/pages\/202"}],"wp:featuredmedia":[{"embeddable":true,"href":"https:\/\/graficash.es\/index.php\/wp-json\/wp\/v2\/media\/212"}],"wp:attachment":[{"href":"https:\/\/graficash.es\/index.php\/wp-json\/wp\/v2\/media?parent=173"}],"curies":[{"name":"wp","href":"https:\/\/api.w.org\/{rel}","templated":true}]}}